Let z(o) = -o**2 - 14*o - 13. Let a be z(-12). Let j(c) = -c**3 + 10*c**2 + 11*c - 3. Calculate j(a).
-3
Let x(t) = -2 - 167*t + 4*t**3 + 5*t**2 + 172*t - 2*t**3 - t**3 + 4. What is x(-3)?
5
Let w(s) = -2*s + 4. Let r(g) = g**2 - 5*g - 16. Let h be r(-7). Let y = h - 65. Determine w(y).
-2
Let t(r) = r**3 - 5*r**2 + 3*r + 4. Let w be (-28)/5*(-4 + (-36)/(-4)). Let o = w - -31. Calculate t(o).
-5
Let n(k) = -9*k**3 + k**2 - k. Let f = -11 + 17. Suppose 0*i + f = 2*i + 2*s, -i + 4*s + 13 = 0. Suppose -h - 4 = -i*h. What is n(h)?
-9
Let h(x) = 18*x + 28*x - 43*x. Give h(-7).
-21
Let c be (-3 + 2)/(1/2). Suppose 14*z = 9*z. Let m(k) = -3*k + 2*k**2 + 0*k**2 - 1 + z*k**2. Determine m(c).
13
Suppose -3*w + j + j = -12, 2*j = 4*w - 16. Let l(q) = -8*q - 4*q + w*q + 7*q + 1. Calculate l(-2).
3
Let u(w) = -3*w + 4. Suppose 0 = m + 8 - 5. Let z be 8/28 + (m - 16/7). Determine u(z).
19
Suppose -2*m = -20 + 8. Suppose -2*p + m = -5*p. Let f(b) be the second derivative of b**4/12 - b**3/6 - b**2 - b. Determine f(p).
4
Let z = 50 + -54. Let v(i) = 0 + 4*i - 4 - 5 + 8. Determine v(z).
-17
Let w(s) = s**2 + 8*s - 4. Let p(r) = -r**2 - 8*r + 5. Let y(f) = -3*p(f) - 2*w(f). Let d = -204 + 196. What is y(d)?
-7
Let u be (-988)/169 - -6 - 56/26. Let x(l) = -l**3 - 4*l**2 - 4*l - 2. Give x(u).
-2
Suppose 117*z = 105*z + 60. Let v(k) = -k**2 + 6*k - 3. Determine v(z).
2
Let x(m) be the first derivative of m**3 - m**2 - m + 75. Give x(3).
20
Let g(v) = -4*v - 21. Let u be g(-10). Let o be (-3)/9*(-2 + -13). Let h(s) = s + o + 15 + 2*s**2 - u. Give h(2).
11
Let t be -1*(-43)/(-6) - (-2)/12. Let d(y) = -y**3 - 9*y**2 - 14*y + 8. What is d(t)?
8
Let s be 33/27 + ((-56)/(-63))/(-4). Let i(u) be the first derivative of -s + 5*u + 1/2*u**2. Determine i(-6).
-1
Let r be (2 + -4)/2*(-66 - -71). Let k(q) = -4*q**2 - 2*q - 1. Let v(i) = -5*i**2 - i. Let m(g) = 4*k(g) - 3*v(g). Give m(r).
-4
Let p(t) = -t - 2. Let n(i) = -4*i + 22. Let b be n(7). Give p(b).
4
Let t(m) be the second derivative of m**4/12 - 7*m**3/6 - m + 131. Let y(w) = w**3 - 2*w**2 - 2*w + 4. Let c be y(3). Give t(c).
0
Let o = -28 - -32. Suppose -o*r + 2 = -3*r. Let s(l) = 2*l - 2. Determine s(r).
2
Let u(k) = -6*k**2 + 10 + 7*k**2 - 10*k + 0*k**2. Calculate u(10).
10
Let c(k) = -k**3 + 6*k**2 + 19*k - 19. Suppose 0 = -104*z - 203 + 1035. Determine c(z).
5
Let v(k) = 3*k - 8. Let u(f) = -f. Let r(h) = 4*u(h) + v(h). Let j(m) = 2*m**2. Let o be j(2). Let c be ((-7)/2 - -3)*o. What is r(c)?
-4
Let g = -48 + 49. Let u(d) = -d**2 - d - 1. Let k(t) = 8*t - 3. Let h(f) = g*k(f) + u(f). Let n = -6 + 10. Give h(n).
8
Let i(f) = f**3 + 0*f**3 - 1 + 4*f**2 - 4*f**2 + f**2 + 2. Give i(3).
37
Let g(q) = -3*q + 73*q**2 + 0*q - 139*q**2 + 67*q**2. Suppose 2*t - t = 5. Determine g(t).
10
Let g(i) be the first derivative of i**4/4 - i**3 - i**2/2 + i - 1. Let h be ((-54)/(-135))/((-1)/(-10)). Determine g(h).
13
Suppose 5*z - 8*z - h - 4 = 0, -5*h + 28 = -z. Let f(b) = b**3 + 2*b**2 - 4*b - 4. Give f(z).
-1
Let h(f) = f. Let c(t) = 2*t + 1. Let m(a) = -2*c(a) + 3*h(a). What is m(-9)?
7
Let b be 2/3*6 + 3. Let f(k) = 8 + 5*k + 15 - 2*k - k**2 - 17 + 4*k. What is f(b)?
6
Let t(l) be the second derivative of -l**3/3 - l**2 - 4*l + 2. Calculate t(2).
-6
Let x = -300 + 300. Let t(a) = a - 12. What is t(x)?
-12
Let m(b) = -8*b + 12. Let g(h) = -2*h + 3. Let n(a) = -9*g(a) + 2*m(a). Let k be n(-2). Let z(l) = -l**3 - 8*l**2 - 8*l - 6. Determine z(k).
1
Suppose 0 = -12*n + 7*n - 4*c - 72, -5*n - c - 63 = 0. Let z(d) = d**3 + 11*d**2 - 12*d + 3. What is z(n)?
3
Let c(z) = 65*z - 111*z - 3 + 45*z. Give c(-6).
3
Let v(m) = -m**2 + 2*m + 15. Suppose f - a - 5 = 0, -2*f - 3*a + 8 + 2 = 0. Give v(f).
0
Let q(s) = s**2 + s. Let h be q(1). Suppose -3*j = 3, -g + j + 8 = h. Let y(z) = -6*z + 11*z + 8 - 6*z. Give y(g).
3
Let q(c) = -6*c - 4 + 38*c**2 - 91*c**2 + 28*c**2 + 1 + 24*c**2. What is q(-6)?
-3
Let g(j) be the first derivative of -j**2 + 18*j - 63. Calculate g(10).
-2
Let a(v) = 11 + 2*v**3 - v**3 + 50*v + 8*v**2 - 26*v - 22*v. What is a(-8)?
-5
Suppose 0 = -8*i + 14*i + 30. Let c(f) = -f**3 - 6*f**2 - 6*f + 2. Give c(i).
7
Let u(k) be the third derivative of 1/12*k**4 - 1/15*k**6 + 1/6*k**3 + 0 + 0*k - 10*k**2 + 1/60*k**5. Let p(g) = -g. Let d be p(1). Give u(d).
8
Let t(b) = -3*b + 4. Let q be 1*32*(-1)/1. Let f be (q/24)/((-2)/12). Let u be 44/33*18/f. Calculate t(u).
-5
Let p(z) = z**2 - 3*z - 1. Suppose 0 = -d - 0*d + 3. Suppose -5*n - 49 = -4*s, 4*s - d*n - 20 - 19 = 0. Suppose -4*o + 5*w = -s, o + w - 2 = 2*w. Give p(o).
3
Suppose 70 = -20*y + 130. Let t(l) be the third derivative of 0*l**y + 0*l + 7*l**2 + 1/30*l**5 + 0 - 5/24*l**4. Calculate t(4).
12
Let i(r) be the first derivative of -r**4/4 + 2*r**3 + 9*r**2 - 10*r - 4. Let b be i(8). Let p(f) = f**2 - 8*f + 9. Determine p(b).
-3
Let g(u) = 3*u + u - 3*u + 1 - 4*u**3 + 0*u**2 + u**2. Let z be (-1 + (-4)/(-2))*-1. Calculate g(z).
5
Suppose -5*w + 4*z = -12, -5*z + 0*z - 15 = 0. Suppose -g + 5 = -w. Let o(c) = 3*c + 2 - g + 0. Determine o(-3).
-12
Let i(a) = a + 12. Suppose 2*z + 2*m + 7 = 3, 4*z = 4*m - 32. Calculate i(z).
7
Let g(h) = h + 14. Let c be (-7)/(-4)*4 + -15. What is g(c)?
6
Let m(y) = 12*y - 28. Let k be m(2). Let q(g) = g**2 - 4*g - 4. Let s(j) = -5*j**2 + 16*j + 15. Let b(u) = 9*q(u) + 2*s(u). Calculate b(k).
-6
Suppose 0 = -3*o - 6 - 9. Let h be (1/(-1) + 0)*o. Suppose 2 = 4*v + h*p, -6*p + p = -10. Let b(k) = k**3 + 4*k**2 + 2*k + 1. Give b(v).
5
Let q(f) = 15*f + 1. Suppose 286*k + 16 = 302*k. Give q(k).
16
Let p(z) be the second derivative of -z**5/20 + z**4/12 + z**3/3 - 81*z - 2. Give p(2).
0
Let k(t) = -16*t**3 - t**2. Let x = -2575 + 2574. Calculate k(x).
15
Let a = -2 + 3. Let r(v) = 9*v + a + v**2 - 4*v**2 - v**3 - 5*v. Let p = 81 + -84. Determine r(p).
-11
Let q(l) = -l**3 + 4*l**2 - l + 5. Let p be (-3748)/(-18) + (-4)/18. Let c be 1/(-3) + p/48. Suppose v = -2*x + 2*v + 10, -c*x = -5*v - 26. Give q(x).
1
Let a(t) be the second derivative of -t**6/120 + t**5/10 + t**4/24 - t**3/3 - 9*t**2/2 + 28*t. Let n(x) be the first derivative of a(x). Calculate n(6).
4
Let x(z) = z**3 - 17*z**2 - 16*z - 40. Let p be x(18). Let i(q) = -6*q + 3. Determine i(p).
27
Let o(w) be the second derivative of w**5/20 - w**4/4 + w**2/2 - 27*w + 4. Determine o(2).
-3
Let f(o) = o + 7 - o + o + o. Let i(j) = 21*j + 7. Let d be i(-3). Let t be (-36)/90 + d/10. Calculate f(t).
-5
Let y(g) = -g + 2. Let q be y(-3). Let n = -219 + 235. Suppose -3*h = n + q. Let a(r) = -r**3 - 8*r**2 - 7*r - 1. What is a(h)?
-1
Suppose r - 18 = 4*x, 0 = r + 3*r + 5*x + 12. Let o be -1 - (-1 + -11)/r. Let t(l) = l**3 - 4*l**2 - 6*l + 4. Let p be t(o). Let s(n) = -13*n - 1. What is s(p)?
12
Let h(k) = k - 2. Let q = 29 + -7. Let m = q + -20. What is h(m)?
0
Let u(x) = -2*x**2 - 4*x - 3. Let i(r) be the third derivative of 1/12*r**5 + 4*r**2 + 0*r + 0 + 4/3*r**3 + 11/24*r**4. Let p(c) = 3*i(c) + 8*u(c). Give p(1).
0
Let q be 8 - ((-5)/(-3))/((-1)/3). Let r(d) = 3*d**2 + 19 - 2*d**2 - 8*d - 6*d + 0*d**2. Determine r(q).
6
Suppose 0 = 2*p + 8 - 2. Let l be p*1 + (16 - 15). Let u(g) = 2 + 3 - 2*g - 7. What is u(l)?
2
Suppose -3*m + 0 - 8 = -h, 0 = -3*h + 2*m + 3. Let y(a) = 2*a**3 - 2*a**2 - a + 1. Let j be y(h). Let p(u) = -u**3 - 4*u**2 - 2*u + 1. What is p(j)?
-3
Let r(y) = -1555 + 1555 - 48*y + 56*y. Determine r(-3).
-24
Let u be (0*1/8)/(0 + 3). Let r(q) = -q**2 - q + 1. Calculate r(u).
1
Let q = -18 - -20. Let x(r) = r**3 + r**q + 3*r**2 - 7 - 4*r + 0*r**3. Determine x(-5).
-12
Let m(k) = 2*k**2 + 2*k - 1. Let s be -3 - ((8 - 6) + -7). Calculate m(s).
11
Let i(o) be the second derivative of 0 + o**2 - 1/12*o**4 + 7/6*o**3 + 6*o. What is i(7)?
2
Let w(o) = -2*o - 6*o - 7*o - 6. Let a(b) = 3*b + 1. Let m(r) = -11*a(r) - 2*w(r). Let z(s) = s + 6. Let l be z(-5). Give m(l).
-2
Let u(f) be the first derivative of f**4/4 + 2*f**3/3 - f**2 + f - 1. Let r(m) = -2*m + 12. Let b be r(8). Let o be -2*(-1)/b*6. Give u(o).
-2
Let t(o) = o**2 - 8*o + 12. Let m be t(7). Suppose -m*s = -6*s + 3. Let r(w) = 3*w**2 - 2*w - 4. Determine r(s).
17
Let d(o) = o**3 + o**2 + 2. Let w be d(0). Let z(y) = -2*y**2 + 3*y - 4. Let h be z(w). Let g(c) = c**2 + 4*c - 4. What is g(h)?
8
Let a(g) = 5*g**3 - 22*g**2 + 27*g